se 21*l + 23*l + 4356 = 0. Let h = f - l. What is the tens digit of h?
6
Let y be 0/(1*(0 + 2)). Let j(c) = 29 - 8 + 10 - 10 + 32 - c. What is the units digit of j(y)?
3
Let d = -71 + 51. What is the tens digit of (-1192)/d + 6/15?
6
Suppose -v = -4*z - 0*z - 21, -4*z = -3*v + 31. Suppose 10 - v = 5*d. Suppose 3*o - 2 = d. What is the units digit of o?
1
Let p(b) = 1108*b**2 - 3*b - 3. What is the units digit of p(-1)?
8
Let w be -1 - -144 - (5 + -2). Suppose 0 = -4*b - z + w, 4*b = 2*z + 107 + 33. Suppose 4*m - 45 = b. What is the tens digit of m?
2
Suppose 58*w - 59*w + 353 = 0. Let h = -207 + w. What is the tens digit of h?
4
Let u be (-2)/11 + (-400)/220. Let w(b) be the first derivative of -2*b**2 + 1. What is the units digit of w(u)?
8
Suppose 0 = 157*q - 156*q - 422. What is the units digit of q?
2
Suppose -16*s + 24*s = 288. Let a = s - -239. What is the units digit of a?
5
Let s(k) = k**3 + 9*k**2 - 2*k - 16. Let i be s(-9). Suppose 6*a - a - 95 = -i*n, -2*a + 104 = 2*n. Suppose -v = -2*v + n. What is the units digit of v?
5
Let a = -18 - -26. Suppose -2*p = -a, -4*o - 4*p = -6*o + 98. What is the units digit of o/9 + (-1)/3?
6
Let v be (-40)/(-28)*(0 - -7). Let f = -6 + v. What is the units digit of (58/f)/(3/6)?
9
Suppose -m + 1398 = n, m + 3*n = 8*n + 1380. What is the thousands digit of m?
1
Let a(b) be the second derivative of 13*b**7/2520 - b**5/120 - 13*b**4/12 + 2*b. Let r(f) be the third derivative of a(f). What is the tens digit of r(2)?
5
Suppose 3*s - p = 1160, 1162 = 2*s + s + p. What is the tens digit of s?
8
Suppose 6 = 2*z + 192. Let q = z - -136. What is the tens digit of q?
4
Let k(y) = 21*y - 232. What is the tens digit of k(21)?
0
Suppose 2*y = 5*y - 6. Suppose 4*k - 2*z - 14 = 0, -y*k - z - 2 + 11 = 0. What is the tens digit of 21 + (-1 - (k - 2))?
1
Suppose 4*x - 9 = 7*x. Let k be x/(-1 + (-2)/(-8)). Suppose 3*s - 12 = w, 2*s = 2*w + 8 + k. What is the units digit of s?
3
Suppose -35*z + 7283 + 7172 = 0. What is the units digit of z?
3
Suppose 24*t = 19*t + 275. What is the units digit of ((-2174)/(-22) - 1) + 10/t?
8
Let h(l) = -8*l - 3. Let q be (2/(-4))/(2/(-36)). Suppose 10*w + 7 = q*w. What is the tens digit of h(w)?
5
Let i(j) = 2*j + 2*j + 5 - 4*j + 4*j**2 - j. Let h(a) = -5*a**2 + 2*a - 4. Let s(y) = -5*h(y) - 6*i(y). What is the units digit of s(6)?
2
Suppose -3*y + 6 = -6*y. Let t be (12/(-8))/(1/y). Suppose 2*c + t = 3*j - 4, -5*j - 2*c = -33. What is the units digit of j?
5
Let v(x) = -x**3 + 5*x**2 + x + 8. Suppose -4*t + t = -12. What is the units digit of v(t)?
8
Let o(f) = -119*f**2 - 18*f + 58*f**2 - 4 + 60*f**2. What is the tens digit of o(-5)?
6
Let a(p) = 58*p - 5. Let t(g) = -19*g + 2. Let x(u) = 3*a(u) + 8*t(u). Let k be ((-5)/(-10))/((-3)/(-6)). What is the units digit of x(k)?
3
Suppose n - m - 155 = 0, 2*n - 3*m = -3*n + 769. Suppose r + n = -r. Let k = -53 - r. What is the units digit of k?
3
Let u(s) = -s**3 - 19*s**2 + 21*s + 17. Let l be u(-20). Let n be 2 - (l + 4 + 1). Let c = 56 + n. What is the units digit of c?
6
Suppose k + 93 = 162. What is the units digit of k?
9
Let j be 2 - 1/((-1)/(-6)). Let k be j/2 - (0 + -34). Let q = k + -17. What is the units digit of q?
5
Let t = -2650 - -6093. What is the thousands digit of t?
3
Suppose 3 = -y + 2*y. Suppose -y*k + 17 = -4. Let x = 27 + k. What is the units digit of x?
4
Let z = 183 + -270. Let n = z - -171. What is the units digit of n?
4
Suppose 0 = 6*a - 15 - 27. Let c(i) = -i**2 + 9*i - 8. Let o be c(a). What is the tens digit of 41 + -1 - (o - 2)?
3
Suppose 5*o - 1 = r + 13, 16 = 2*o - 3*r. Suppose 0*v + 2*q + 507 = 3*v, o*q + 338 = 2*v. What is the tens digit of v?
6
Suppose -4*a + 5*b + 2259 = 0, 3*a = 7*a - 3*b - 2253. What is the tens digit of a?
6
Suppose -4*v = -3*v + 1. What is the units digit of 8/12 + (v - (-1172)/6)?
5
Suppose -5*k = -5*y + 5720, 5*y + k = -3*k + 5720. What is the hundreds digit of y?
1
Suppose 5*p - 34 = 3*g, 4*g + 16 = -4*p - 8. What is the hundreds digit of (-2526)/g + 21/(-28)?
3
Let d be 3*(-10)/(-6) - 2. Suppose 0 = n - 2*s - 4 - 2, 2*s = -d*n + 10. Suppose 3*v - 5*b - 29 = 0, n*v - 3*v + 4*b + 13 = 0. What is the units digit of v?
3
What is the thousands digit of 1/((-80205)/(-16040) + -5) + 5?
3
Let u = -23 + 454. What is the hundreds digit of u?
4
Suppose -66 = -5*u + 9. Suppose 0 = -i + h - 4*h + 15, 4*i + 3*h = u. Suppose n = 0, -f + 2*n + i*n + 33 = 0. What is the tens digit of f?
3
Suppose -599 = -3*f - 4*c, 4*f - c - 152 - 634 = 0. Let v = f - -55. What is the units digit of v?
2
Let b(t) be the first derivative of t**3/3 + 5*t**2/2 + 2*t + 1. Suppose 10 = -x + 4*o, 4*o + 8 = -2*x - 0*o. What is the units digit of b(x)?
8
What is the units digit of 4/(-36) - (-272230)/63?
1
Let d be 15/(-5) + 75 - 0. Let w = -9 + d. What is the tens digit of w?
6
Let t = -1351 - -2447. What is the hundreds digit of t?
0
Suppose -378 = -0*f - 2*f. Let i = -16 + f. What is the units digit of i?
3
Suppose 2*v - 1029 = -5*v. What is the units digit of v?
7
Let d = -333 - -1381. What is the thousands digit of d?
1
Suppose 0 = -o - 4*n + 7, -o = -3*o + 4*n - 22. Let u be o/2*4/(-5). Suppose -p + u*p = 21. What is the units digit of p?
1
Let c be (-8)/(-24) - (-22)/6. What is the tens digit of (100/c - -4) + 2?
3
Suppose -27*s + 7184 - 1649 = 0. What is the units digit of s?
5
Let c be ((-12)/8)/(2/4). Let n be (-7 + 18)*6/c. What is the units digit of (-4)/n + (-2882)/(-121)?
4
Let d(o) = -651*o + 1. Let h be d(-5). Let g be h/(-28) - (-4)/14. What is the tens digit of (-6)/(-9) + g/(-6)?
2
Suppose -5*v + 5*j = -1055, 2*v - j = 353 + 67. What is the units digit of v?
9
Suppose 106*a = 112*a - 10380. Suppose -5*d = 340 - a. What is the tens digit of d?
7
Let d = 5553 + -3935. What is the tens digit of d?
1
Let t(x) = x**3 - 13*x**2 + x + 6. What is the units digit of t(13)?
9
Suppose h = 4*j + 159, 3*h - 92 = -4*j + 401. What is the units digit of h?
3
Let r(d) = -d**3 + 11*d**2 + 10*d - 1. Suppose o - 2*b + 6*b - 30 = 0, -3*o + 4*b = -10. What is the units digit of r(o)?
9
Let s(r) = 487*r**3 - r**2 + 2*r + 3. Let p be s(-1). Let z = p - -765. What is the tens digit of z?
7
Suppose 0 = q - 3, 2*d - q - 2*q - 321 = 0. What is the units digit of d?
5
Let m be ((-640)/5)/(-2) + 4. Let i = m + 35. What is the tens digit of i?
0
Suppose -25 = 5*y, -5*t + 2*y + 830 = -1385. What is the tens digit of t?
4
Let b(t) = -t**3 - 2*t**2 + 3*t + 4. Let v be b(-3). Suppose -2*h = -v, m = -2*h - h + 16. Suppose -m*x = -14*x + 228. What is the tens digit of x?
5
Suppose -4*c = c. Suppose -2*f = -f - 3*i - 3, c = -2*i - 4. What is the tens digit of (-200)/4*f/6?
2
Let x(l) = 39*l - 7. Suppose -3*p - z + 7 = 0, -3*p + z + 13 = -z. What is the tens digit of x(p)?
1
Suppose -25*a + 31635 = 6835. What is the tens digit of a?
9
Suppose -5 = -3*j + 4*j. Let x(f) = f**2 + 5*f. Let q be x(j). Suppose 4*c - 46 - 10 = q. What is the tens digit of c?
1
Let j(a) = 538*a**2 + 44*a + 141. What is the units digit of j(-3)?
1
Suppose 4*v - 923 = -v - 2*m, 3*v - 569 = -5*m. Let p = v - 93. What is the units digit of p?
0
Suppose 5 = 2*z - z. Suppose 3*v = -z*w + 67, -3*v + 66 = w + 19. Let a = 24 - v. What is the units digit of a?
0
Suppose 31 = -4*a + 75. Let s(z) = -z + 53. What is the units digit of s(a)?
2
Let h = -7 - -10. Suppose 3 - 9 = -h*r. Suppose -4*k + 178 = r*z, k = 3*k + 4*z - 104. What is the units digit of k?
2
Suppose -10 = 5*s, 2*s + 7377 - 2448 = 5*j. What is the tens digit of j?
8
Let n(o) = 32*o**2 - 5*o + 57. What is the tens digit of n(5)?
3
Suppose 0 = 2*f - 18 - 14. Suppose -4*s = -f, -5*s = -g + 2*g - 99. What is the tens digit of g?
7
Let r(i) = -i**3 - 10*i**2 - 3*i - 15. Suppose 0 = 2*f + v + 1, -37 = 4*f - 5*v. Let j = f + -7. What is the units digit of r(j)?
5
Suppose 4*l = -12, g = 6*l - 3*l + 480. What is the hundreds digit of g?
4
What is the units digit of 47304/10 + (-2106)/90 + 23?
0
Suppose 0 = 2*a + 2 - 0. Let i be (a + -4)*(-10)/25. Suppose -19 = -3*p + i. What is the units digit of p?
7
Let m(u) = -u - 15. Let l be m(-9). Let z = l - -8. Suppose 0*i + z*i - 48 = 0. What is the tens digit of i?
2
Let u(c) = -c**2 + 5*c. Let a be u(4). Suppose -2*d - r + 170 = -5*r, -a*r = -4*d + 324. What is the tens 